{"id":10,"date":"2020-04-24T13:12:58","date_gmt":"2020-04-24T11:12:58","guid":{"rendered":"https:\/\/paroisse-stgermain.fr\/?page_id=10"},"modified":"2020-12-22T00:55:22","modified_gmt":"2020-12-21T23:55:22","slug":"accueil","status":"publish","type":"page","link":"https:\/\/paroisse-stgermain.fr\/","title":{"rendered":"Les messes pour les f\u00eates"},"content":{"rendered":"\n<div class=\"wp-block-columns is-layout-flex wp-container-core-columns-is-layout-9d6595d7 wp-block-columns-is-layout-flex\">\n<div class=\"wp-block-column is-layout-flow wp-block-column-is-layout-flow\">\n\n\n<h3 class=\"has-text-align-center wp-block-heading\"><strong>JEUDI 24 D\u00c9CEMBRE 2020<\/strong><\/h3>\n\n\n\n<h5 class=\"has-text-align-center wp-block-heading\"><span style=\"color:#a65418\" class=\"has-inline-color\">NUIT DE NO\u00cbL<\/span><\/h5>\n\n\n\n<p class=\"has-text-align-center\">18H: Chants Religieux (CD)<\/p>\n\n\n\n<p class=\"has-text-align-center\">18H30 : Messe<\/p>\n\n\n\n<p class=\"has-text-align-center\">21H : Messe<\/p>\n\n\n\n<h3 class=\"has-text-align-center wp-block-heading\"><strong>VENDREDI 25 D\u00c9CEMBRE 2020<\/strong><\/h3>\n\n\n\n<h5 class=\"has-text-align-center wp-block-heading\"><span style=\"color:#a65418\" class=\"has-inline-color\">NATIVIT\u00c9 DU SEIGNEUR<\/span><\/h5>\n\n\n\n<p class=\"has-text-align-center\">9H30 : Messe<\/p>\n\n\n\n<p class=\"has-text-align-center\">11H : Messe<\/p>\n\n\n\n<h3 class=\"has-text-align-center wp-block-heading\"><strong>VENDREDI 1er JANVIER 2021<\/strong><\/h3>\n\n\n\n<h5 class=\"has-text-align-center wp-block-heading\"><span style=\"color:#a65418\" class=\"has-inline-color\">SAINTE MARIE, M\u00c8RE DE DIEU<\/span><\/h5>\n\n\n\n<p class=\"has-text-align-center\">11H : Messe<\/p>\n<\/div>\n<\/div>\n\n\n\n<p><\/p>\n","protected":false},"excerpt":{"rendered":"<p>JEUDI 24 D\u00c9CEMBRE 2020 NUIT DE NO\u00cbL 18H: Chants Religieux (CD) 18H30 : Messe 21H : Messe VENDREDI 25 D\u00c9CEMBRE 2020 NATIVIT\u00c9 DU SEIGNEUR 9H30 : Messe 11H : Messe VENDREDI 1er JANVIER 2021 SAINTE MARIE, M\u00c8RE DE DIEU 11H : Messe<\/p>\n","protected":false},"author":3,"featured_media":0,"parent":0,"menu_order":0,"comment_status":"closed","ping_status":"closed","template":"","meta":{"footnotes":""},"class_list":["post-10","page","type-page","status-publish","hentry"],"_links":{"self":[{"href":"https:\/\/paroisse-stgermain.fr\/index.php?rest_route=\/wp\/v2\/pages\/10","targetHints":{"allow":["GET"]}}],"collection":[{"href":"https:\/\/paroisse-stgermain.fr\/index.php?rest_route=\/wp\/v2\/pages"}],"about":[{"href":"https:\/\/paroisse-stgermain.fr\/index.php?rest_route=\/wp\/v2\/types\/page"}],"author":[{"embeddable":true,"href":"https:\/\/paroisse-stgermain.fr\/index.php?rest_route=\/wp\/v2\/users\/3"}],"replies":[{"embeddable":true,"href":"https:\/\/paroisse-stgermain.fr\/index.php?rest_route=%2Fwp%2Fv2%2Fcomments&post=10"}],"version-history":[{"count":87,"href":"https:\/\/paroisse-stgermain.fr\/index.php?rest_route=\/wp\/v2\/pages\/10\/revisions"}],"predecessor-version":[{"id":735,"href":"https:\/\/paroisse-stgermain.fr\/index.php?rest_route=\/wp\/v2\/pages\/10\/revisions\/735"}],"wp:attachment":[{"href":"https:\/\/paroisse-stgermain.fr\/index.php?rest_route=%2Fwp%2Fv2%2Fmedia&parent=10"}],"curies":[{"name":"wp","href":"https:\/\/api.w.org\/{rel}","templated":true}]}}

Les messes pour les fêtes

<div class="wp-block-columns is-layout-flex wp-container-core-columns-is-layout-9d6595d7 wp-block-columns-is-layout-flex">
<div class="wp-block-column is-layout-flow wp-block-column-is-layout-flow">


<h3 class="has-text-align-center wp-block-heading"><strong>JEUDI 24 DÉCEMBRE 2020</strong></h3>



<h5 class="has-text-align-center wp-block-heading"><span style="color:#a65418" class="has-inline-color">NUIT DE NOËL</span></h5>



<p class="has-text-align-center">18H: Chants Religieux (CD)</p>



<p class="has-text-align-center">18H30 : Messe</p>



<p class="has-text-align-center">21H : Messe</p>



<h3 class="has-text-align-center wp-block-heading"><strong>VENDREDI 25 DÉCEMBRE 2020</strong></h3>



<h5 class="has-text-align-center wp-block-heading"><span style="color:#a65418" class="has-inline-color">NATIVITÉ DU SEIGNEUR</span></h5>



<p class="has-text-align-center">9H30 : Messe</p>



<p class="has-text-align-center">11H : Messe</p>



<h3 class="has-text-align-center wp-block-heading"><strong>VENDREDI 1er JANVIER 2021</strong></h3>



<h5 class="has-text-align-center wp-block-heading"><span style="color:#a65418" class="has-inline-color">SAINTE MARIE, MÈRE DE DIEU</span></h5>



<p class="has-text-align-center">11H : Messe</p>
</div>
</div>



<p></p>

<p>JEUDI 24 DÉCEMBRE 2020 NUIT DE NOËL 18H: Chants Religieux (CD) 18H30 : Messe 21H : Messe VENDREDI 25 DÉCEMBRE 2020 NATIVITÉ DU SEIGNEUR 9H30 : Messe 11H : Messe VENDREDI 1er JANVIER 2021 SAINTE MARIE, MÈRE DE DIEU 11H : Messe</p>
