{"id":752,"date":"2020-12-22T16:32:47","date_gmt":"2020-12-22T15:32:47","guid":{"rendered":"https:\/\/paroisse-stgermain.fr\/?page_id=752"},"modified":"2021-01-03T13:18:32","modified_gmt":"2021-01-03T12:18:32","slug":"nous-rejoindre","status":"publish","type":"page","link":"https:\/\/paroisse-stgermain.fr\/?page_id=752","title":{"rendered":"Les sacrements"},"content":{"rendered":"\n\n\n<p><strong>Bapt\u00eame<\/strong>, <strong>mariage<\/strong> et <strong>cat\u00e9chisme<\/strong>, merci de s&rsquo;adresser \u00e0 l&rsquo;accueil de la M.I.P*<br>ou bien de prendre contacte avec le cur\u00e9.<\/p>\n\n\n\n<p><em>*la M.I.P: la Maison Inter Paroissiale<\/em><\/p>\n\n\n\n\n\n<div class=\"wp-block-buttons is-layout-flex wp-block-buttons-is-layout-flex\"><\/div>\n\n\n\n<div class=\"wp-block-columns is-layout-flex wp-container-core-columns-is-layout-9d6595d7 wp-block-columns-is-layout-flex\">\n<div class=\"wp-block-column is-vertically-aligned-center is-layout-flow wp-block-column-is-layout-flow\">\n<div class=\"wp-block-buttons aligncenter is-layout-flex wp-block-buttons-is-layout-flex\">\n<div class=\"wp-block-button\"><a class=\"wp-block-button__link has-background\" href=\"https:\/\/paroisse-stgermain.fr\/?page_id=750\" style=\"background-color:#ddb667\" target=\"_blank\" rel=\"https:\/\/paroisse-stgermain.fr\/?page_id=750 noopener\">Contacter la M.I.P<\/a><\/div>\n<\/div>\n<\/div>\n\n\n\n<div class=\"wp-block-column is-vertically-aligned-center is-layout-flow wp-block-column-is-layout-flow\">\n<div class=\"wp-block-buttons alignleft is-layout-flex wp-block-buttons-is-layout-flex\">\n<div class=\"wp-block-button\"><a class=\"wp-block-button__link has-background\" href=\"https:\/\/paroisse-stgermain.fr\/?page_id=747\" style=\"background-color:#ddb667\" target=\"_blank\" rel=\"https:\/\/paroisse-stgermain.fr\/?page_id=747 noopener\">Contacter le cur\u00e9<\/a><\/div>\n<\/div>\n<\/div>\n<\/div>\n\n\n\n<p><\/p>\n","protected":false},"excerpt":{"rendered":"<p>Bapt\u00eame, mariage et cat\u00e9chisme, merci de s&rsquo;adresser \u00e0 l&rsquo;accueil de la M.I.P*ou bien de prendre contacte avec le cur\u00e9. *la M.I.P: la Maison Inter Paroissiale<\/p>\n","protected":false},"author":3,"featured_media":1066,"parent":0,"menu_order":0,"comment_status":"closed","ping_status":"closed","template":"","meta":{"footnotes":""},"class_list":["post-752","page","type-page","status-publish","has-post-thumbnail","hentry"],"_links":{"self":[{"href":"https:\/\/paroisse-stgermain.fr\/index.php?rest_route=\/wp\/v2\/pages\/752","targetHints":{"allow":["GET"]}}],"collection":[{"href":"https:\/\/paroisse-stgermain.fr\/index.php?rest_route=\/wp\/v2\/pages"}],"about":[{"href":"https:\/\/paroisse-stgermain.fr\/index.php?rest_route=\/wp\/v2\/types\/page"}],"author":[{"embeddable":true,"href":"https:\/\/paroisse-stgermain.fr\/index.php?rest_route=\/wp\/v2\/users\/3"}],"replies":[{"embeddable":true,"href":"https:\/\/paroisse-stgermain.fr\/index.php?rest_route=%2Fwp%2Fv2%2Fcomments&post=752"}],"version-history":[{"count":30,"href":"https:\/\/paroisse-stgermain.fr\/index.php?rest_route=\/wp\/v2\/pages\/752\/revisions"}],"predecessor-version":[{"id":1070,"href":"https:\/\/paroisse-stgermain.fr\/index.php?rest_route=\/wp\/v2\/pages\/752\/revisions\/1070"}],"wp:featuredmedia":[{"embeddable":true,"href":"https:\/\/paroisse-stgermain.fr\/index.php?rest_route=\/wp\/v2\/media\/1066"}],"wp:attachment":[{"href":"https:\/\/paroisse-stgermain.fr\/index.php?rest_route=%2Fwp%2Fv2%2Fmedia&parent=752"}],"curies":[{"name":"wp","href":"https:\/\/api.w.org\/{rel}","templated":true}]}}

<p><strong>Baptême</strong>, <strong>mariage</strong> et <strong>catéchisme</strong>, merci de s&rsquo;adresser à l&rsquo;accueil de la M.I.P*<br>ou bien de prendre contacte avec le curé.</p>



<p><em>*la M.I.P: la Maison Inter Paroissiale</em></p>





<div class="wp-block-buttons is-layout-flex wp-block-buttons-is-layout-flex"></div>



<div class="wp-block-columns is-layout-flex wp-container-core-columns-is-layout-9d6595d7 wp-block-columns-is-layout-flex">
<div class="wp-block-column is-vertically-aligned-center is-layout-flow wp-block-column-is-layout-flow">
<div class="wp-block-buttons aligncenter is-layout-flex wp-block-buttons-is-layout-flex">
<div class="wp-block-button"><a class="wp-block-button__link has-background" href="https://paroisse-stgermain.fr/?page_id=750" style="background-color:#ddb667" target="_blank" rel="https://paroisse-stgermain.fr/?page_id=750 noopener">Contacter la M.I.P</a></div>
</div>
</div>



<div class="wp-block-column is-vertically-aligned-center is-layout-flow wp-block-column-is-layout-flow">
<div class="wp-block-buttons alignleft is-layout-flex wp-block-buttons-is-layout-flex">
<div class="wp-block-button"><a class="wp-block-button__link has-background" href="https://paroisse-stgermain.fr/?page_id=747" style="background-color:#ddb667" target="_blank" rel="https://paroisse-stgermain.fr/?page_id=747 noopener">Contacter le curé</a></div>
</div>
</div>
</div>



<p></p>

<p>Baptême, mariage et catéchisme, merci de s&rsquo;adresser à l&rsquo;accueil de la M.I.P*ou bien de prendre contacte avec le curé. *la M.I.P: la Maison Inter Paroissiale</p>
