{"id":790,"date":"2020-12-22T19:26:03","date_gmt":"2020-12-22T18:26:03","guid":{"rendered":"https:\/\/paroisse-stgermain.fr\/?page_id=790"},"modified":"2022-02-20T14:34:59","modified_gmt":"2022-02-20T13:34:59","slug":"chapelet","status":"publish","type":"page","link":"https:\/\/paroisse-stgermain.fr\/?page_id=790","title":{"rendered":"Chapelet"},"content":{"rendered":"\n<p><strong>Le 2\u00e8me, 3\u00e8me et 4\u00e8me samedi<\/strong> du mois \u00e0 l&rsquo;\u00e9glise St Germain, apr\u00e8s la messe de 9h15.<\/p>\n\n\n\n\n\n<div class=\"wp-block-buttons is-layout-flex wp-block-buttons-is-layout-flex\">\n<div class=\"wp-block-button\"><a class=\"wp-block-button__link has-background\" href=\"https:\/\/paroisse-stgermain.fr\/?page_id=747\" style=\"background-color:#ddb667\" target=\"_blank\" rel=\"https:\/\/paroisse-stgermain.fr\/?page_id=747 noopener\">\u00c9glise St Germain<\/a><\/div>\n<\/div>\n\n\n\n<p><\/p>\n","protected":false},"excerpt":{"rendered":"<p>Le 2\u00e8me, 3\u00e8me et 4\u00e8me samedi du mois \u00e0 l&rsquo;\u00e9glise St Germain, apr\u00e8s la messe de 9h15.<\/p>\n","protected":false},"author":3,"featured_media":1064,"parent":0,"menu_order":0,"comment_status":"closed","ping_status":"closed","template":"","meta":{"footnotes":""},"class_list":["post-790","page","type-page","status-publish","has-post-thumbnail","hentry"],"_links":{"self":[{"href":"https:\/\/paroisse-stgermain.fr\/index.php?rest_route=\/wp\/v2\/pages\/790","targetHints":{"allow":["GET"]}}],"collection":[{"href":"https:\/\/paroisse-stgermain.fr\/index.php?rest_route=\/wp\/v2\/pages"}],"about":[{"href":"https:\/\/paroisse-stgermain.fr\/index.php?rest_route=\/wp\/v2\/types\/page"}],"author":[{"embeddable":true,"href":"https:\/\/paroisse-stgermain.fr\/index.php?rest_route=\/wp\/v2\/users\/3"}],"replies":[{"embeddable":true,"href":"https:\/\/paroisse-stgermain.fr\/index.php?rest_route=%2Fwp%2Fv2%2Fcomments&post=790"}],"version-history":[{"count":8,"href":"https:\/\/paroisse-stgermain.fr\/index.php?rest_route=\/wp\/v2\/pages\/790\/revisions"}],"predecessor-version":[{"id":1790,"href":"https:\/\/paroisse-stgermain.fr\/index.php?rest_route=\/wp\/v2\/pages\/790\/revisions\/1790"}],"wp:featuredmedia":[{"embeddable":true,"href":"https:\/\/paroisse-stgermain.fr\/index.php?rest_route=\/wp\/v2\/media\/1064"}],"wp:attachment":[{"href":"https:\/\/paroisse-stgermain.fr\/index.php?rest_route=%2Fwp%2Fv2%2Fmedia&parent=790"}],"curies":[{"name":"wp","href":"https:\/\/api.w.org\/{rel}","templated":true}]}}

<p><strong>Le 2ème, 3ème et 4ème samedi</strong> du mois à l&rsquo;église St Germain, après la messe de 9h15.</p>





<div class="wp-block-buttons is-layout-flex wp-block-buttons-is-layout-flex">
<div class="wp-block-button"><a class="wp-block-button__link has-background" href="https://paroisse-stgermain.fr/?page_id=747" style="background-color:#ddb667" target="_blank" rel="https://paroisse-stgermain.fr/?page_id=747 noopener">Église St Germain</a></div>
</div>



<p></p>

<p>Le 2ème, 3ème et 4ème samedi du mois à l&rsquo;église St Germain, après la messe de 9h15.</p>
