{"id":805,"date":"2020-12-22T20:19:15","date_gmt":"2020-12-22T19:19:15","guid":{"rendered":"https:\/\/paroisse-stgermain.fr\/?page_id=805"},"modified":"2021-03-11T11:56:30","modified_gmt":"2021-03-11T10:56:30","slug":"intention-de-messe","status":"publish","type":"page","link":"https:\/\/paroisse-stgermain.fr\/?page_id=805","title":{"rendered":"Intention de messe"},"content":{"rendered":"\n<p>Toute messe a une valeur universelle. Cependant, <strong>pour vos d\u00e9funts<\/strong>, pour <strong>vos proches<\/strong>  ou encore <strong>en action de gr\u00e2ce<\/strong>, le pr\u00eatre peut associer une intention particuli\u00e8re \u00e0 la c\u00e9l\u00e9bration de la messe \u00e0 votre demande.<\/p>\n\n\n\n\n\n<h4 class=\"wp-block-heading\"><strong>Comment s&rsquo;y prendre?<\/strong><\/h4>\n\n\n\n<p>S&rsquo;adresser \u00e0 l&rsquo;accueil de la paroisse St Germain pour convenir d&rsquo;une date.<br>L&rsquo;offrande propos\u00e9 pour une intention de messe est de 18 \u20ac.<\/p>\n\n\n\n<p>Pour plus d&rsquo;informations sur les horaires d&rsquo;ouvertures ou les coordonn\u00e9es de l&rsquo;\u00e9glise, <br>merci de cliquer sur le lien ci-dessous.<\/p>\n\n\n\n\n\n<div class=\"wp-block-buttons is-layout-flex wp-block-buttons-is-layout-flex\">\n<div class=\"wp-block-button\"><a class=\"wp-block-button__link has-background\" href=\"https:\/\/paroisse-stgermain.fr\/?page_id=747\" style=\"background-color:#ddb667\" target=\"_blank\" rel=\"noreferrer noopener\">Plus d&rsquo;infos<\/a><\/div>\n<\/div>\n\n\n\n<p><\/p>\n","protected":false},"excerpt":{"rendered":"<p>Toute messe a une valeur universelle. Cependant, pour vos d\u00e9funts, pour vos proches ou encore en action de gr\u00e2ce, le pr\u00eatre peut associer une intention particuli\u00e8re \u00e0 la c\u00e9l\u00e9bration de la messe \u00e0 votre demande. Comment s&rsquo;y prendre? S&rsquo;adresser \u00e0 l&rsquo;accueil de la paroisse St Germain pour convenir d&rsquo;une date.L&rsquo;offrande propos\u00e9 pour une intention de messe est de 18 \u20ac. Pour plus d&rsquo;informations sur les horaires d&rsquo;ouvertures ou les coordonn\u00e9es de l&rsquo;\u00e9glise, merci de cliquer sur le lien ci-dessous.<\/p>\n","protected":false},"author":3,"featured_media":1078,"parent":0,"menu_order":0,"comment_status":"closed","ping_status":"closed","template":"","meta":{"footnotes":""},"class_list":["post-805","page","type-page","status-publish","has-post-thumbnail","hentry"],"_links":{"self":[{"href":"https:\/\/paroisse-stgermain.fr\/index.php?rest_route=\/wp\/v2\/pages\/805","targetHints":{"allow":["GET"]}}],"collection":[{"href":"https:\/\/paroisse-stgermain.fr\/index.php?rest_route=\/wp\/v2\/pages"}],"about":[{"href":"https:\/\/paroisse-stgermain.fr\/index.php?rest_route=\/wp\/v2\/types\/page"}],"author":[{"embeddable":true,"href":"https:\/\/paroisse-stgermain.fr\/index.php?rest_route=\/wp\/v2\/users\/3"}],"replies":[{"embeddable":true,"href":"https:\/\/paroisse-stgermain.fr\/index.php?rest_route=%2Fwp%2Fv2%2Fcomments&post=805"}],"version-history":[{"count":11,"href":"https:\/\/paroisse-stgermain.fr\/index.php?rest_route=\/wp\/v2\/pages\/805\/revisions"}],"predecessor-version":[{"id":1347,"href":"https:\/\/paroisse-stgermain.fr\/index.php?rest_route=\/wp\/v2\/pages\/805\/revisions\/1347"}],"wp:featuredmedia":[{"embeddable":true,"href":"https:\/\/paroisse-stgermain.fr\/index.php?rest_route=\/wp\/v2\/media\/1078"}],"wp:attachment":[{"href":"https:\/\/paroisse-stgermain.fr\/index.php?rest_route=%2Fwp%2Fv2%2Fmedia&parent=805"}],"curies":[{"name":"wp","href":"https:\/\/api.w.org\/{rel}","templated":true}]}}

<p>Toute messe a une valeur universelle. Cependant, <strong>pour vos défunts</strong>, pour <strong>vos proches</strong>  ou encore <strong>en action de grâce</strong>, le prêtre peut associer une intention particulière à la célébration de la messe à votre demande.</p>





<h4 class="wp-block-heading"><strong>Comment s&rsquo;y prendre?</strong></h4>



<p>S&rsquo;adresser à l&rsquo;accueil de la paroisse St Germain pour convenir d&rsquo;une date.<br>L&rsquo;offrande proposé pour une intention de messe est de 18 €.</p>



<p>Pour plus d&rsquo;informations sur les horaires d&rsquo;ouvertures ou les coordonnées de l&rsquo;église, <br>merci de cliquer sur le lien ci-dessous.</p>





<div class="wp-block-buttons is-layout-flex wp-block-buttons-is-layout-flex">
<div class="wp-block-button"><a class="wp-block-button__link has-background" href="https://paroisse-stgermain.fr/?page_id=747" style="background-color:#ddb667" target="_blank" rel="noreferrer noopener">Plus d&rsquo;infos</a></div>
</div>



<p></p>

<p>Toute messe a une valeur universelle. Cependant, pour vos défunts, pour vos proches ou encore en action de grâce, le prêtre peut associer une intention particulière à la célébration de la messe à votre demande. Comment s&rsquo;y prendre? S&rsquo;adresser à l&rsquo;accueil de la paroisse St Germain pour convenir d&rsquo;une date.L&rsquo;offrande proposé pour une intention de messe est de 18 €. Pour plus d&rsquo;informations sur les horaires d&rsquo;ouvertures ou les coordonnées de l&rsquo;église, merci de cliquer sur le lien ci-dessous.</p>
